{"id":2703,"date":"2023-03-02T22:40:14","date_gmt":"2023-03-02T22:40:14","guid":{"rendered":"https:\/\/photodealers.pt\/?post_type=product&#038;p=2703"},"modified":"2023-03-11T13:30:14","modified_gmt":"2023-03-11T13:30:14","slug":"flash-sb-24","status":"publish","type":"product","link":"https:\/\/photodealers.pt\/en\/produto\/flash-sb-24\/","title":{"rendered":"Flash SB-24"},"content":{"rendered":"<p>Flash TTL de tamanho m\u00e9dio introduzido pela Nikon para as suas SLRs de montagem F. \u00c9 TTL compat\u00edvel com a Nikon F5, F100, Nikon s\u00e9rie F4, F90(x), F-801s, s\u00e9rie F80, F70, F-601s, F501, F-401x. Cabe\u00e7a inclin\u00e1vel de -7\u00b0 a 90\u00b0 e girat\u00f3ria de 180\u00b0 CCW e 90\u00b0 CW. Corpo de pl\u00e1stico dispon\u00edvel em preto.<\/p>\n","protected":false},"excerpt":{"rendered":"<p>Flash Nikon TTL e manual.<\/p>\n","protected":false},"featured_media":2704,"template":"","meta":[],"product_brand":[],"product_cat":[124,88],"product_tag":[],"class_list":{"0":"post-2703","1":"product","2":"type-product","3":"status-publish","4":"has-post-thumbnail","6":"product_cat-flash-e-iluminacao-continua","7":"product_cat-acessorios","8":"pa_condicao-excelente","10":"first","11":"instock","12":"taxable","13":"shipping-taxable","14":"purchasable","15":"product-type-simple"},"tiered_pricing_type":"fixed","tiered_pricing_fixed_rules":[],"tiered_pricing_product_settings":{"layout":"default","base_unit_name":{"singular":null,"plural":null},"default_variation":null},"tiered_pricing_minimum_quantity":null,"tiered_pricing_roles_data":[],"tiered_pricing_percentage_rules":[],"_links":{"self":[{"href":"https:\/\/photodealers.pt\/en\/wp-json\/wp\/v2\/product\/2703","targetHints":{"allow":["GET"]}}],"collection":[{"href":"https:\/\/photodealers.pt\/en\/wp-json\/wp\/v2\/product"}],"about":[{"href":"https:\/\/photodealers.pt\/en\/wp-json\/wp\/v2\/types\/product"}],"wp:featuredmedia":[{"embeddable":true,"href":"https:\/\/photodealers.pt\/en\/wp-json\/wp\/v2\/media\/2704"}],"wp:attachment":[{"href":"https:\/\/photodealers.pt\/en\/wp-json\/wp\/v2\/media?parent=2703"}],"wp:term":[{"taxonomy":"product_brand","embeddable":true,"href":"https:\/\/photodealers.pt\/en\/wp-json\/wp\/v2\/product_brand?post=2703"},{"taxonomy":"product_cat","embeddable":true,"href":"https:\/\/photodealers.pt\/en\/wp-json\/wp\/v2\/product_cat?post=2703"},{"taxonomy":"product_tag","embeddable":true,"href":"https:\/\/photodealers.pt\/en\/wp-json\/wp\/v2\/product_tag?post=2703"}],"curies":[{"name":"wp","href":"https:\/\/api.w.org\/{rel}","templated":true}]}}

<p>Flash TTL de tamanho médio introduzido pela Nikon para as suas SLRs de montagem F. É TTL compatível com a Nikon F5, F100, Nikon série F4, F90(x), F-801s, série F80, F70, F-601s, F501, F-401x. Cabeça inclinável de -7° a 90° e giratória de 180° CCW e 90° CW. Corpo de plástico disponível em preto.</p>
